m). Suppose 3*a + 6 = -3*w, -3*a + 15 = -0*a - z*w. What is the units digit of a?
1
Let a be 1 + ((-3)/1)/(-3). Suppose 0 = a*s - 8, -3*w = 2*w + 4*s - 136. What is the tens digit of w?
2
Let d(o) = o + 6. Let b be d(-6). Suppose w + 3*w - 36 = b. What is the units digit of w?
9
Suppose 31 = 3*z - 17. Suppose -z = -3*s + 5. What is the units digit of s?
7
Let p(c) = c**3 + 8*c**2 - 3*c - 6. What is the tens digit of p(-6)?
8
Let c(i) = i**2 + 12*i + 15. Let l be c(-11). Suppose 2*g = -2*g + l. What is the units digit of g?
1
Suppose 13 = q - 31. What is the units digit of q?
4
Let u(i) = i**3 - 2*i + 3. What is the units digit of u(2)?
7
Let u = 35 + 0. What is the tens digit of u?
3
Let o = 26 + -23. What is the units digit of o?
3
Suppose -2*f - 11 - 9 = -3*d, -2*f = -4. What is the units digit of d?
8
Let j = -211 - -343. What is the hundreds digit of j?
1
Suppose m - 91 = -0. What is the units digit of m?
1
Let q(m) = -m - 5. Let f be q(-7). Suppose -f*b = 2*b - 40. What is the tens digit of b?
1
Suppose -4*o + 18 + 2 = 0. Suppose 5*h = 3*y - 7, -4*y + 7 = -o*h + 1. Let z = 8 + y. What is the units digit of z?
7
Suppose 80 = -5*c + y - 5*y, 0 = 3*c + 5*y + 35. Let p = c - -33. What is the units digit of p?
3
Let s(w) = -w**3 - 3*w**2 - 3*w - 3. Let c be s(-2). What is the units digit of (c/(-2))/((-3)/(-102))?
7
What is the units digit of ((-48)/(4 + -12))/(6/88)?
8
Suppose -2*u - 3*u = -25. What is the units digit of (-3)/5 - (-8)/u?
1
Let a be (-6)/2*(-2 + 1). Suppose a*w + 6*t = 3*t + 9, -w + 9 = 3*t. Let g = w + 6. What is the units digit of g?
6
Suppose l = -0*l. Let s be l - 5/(15/(-12)). What is the units digit of (-16)/24*(-66)/s?
1
Let f be 6 + (-1)/((-3)/(-6)). Suppose -f*h + 74 + 14 = 0. What is the units digit of h?
2
Suppose -3*w + 3 = -0*w. Let p be (5 + -6)/(w/(-2)). What is the tens digit of (14 - -5)*p/2?
1
Let u = 8 + -6. Suppose -8 = -2*f + u. Suppose f*n = 22 + 18. What is the units digit of n?
8
Let i(v) = -v**2 + 0 + 1 - v - v + 2*v**2. What is the units digit of i(2)?
1
Let o = 59 - 21. Suppose -2*h - 8 = -o. What is the units digit of h?
5
Let n = 525 + -178. What is the hundreds digit of n?
3
Let i(c) be the first derivative of 44*c**3/3 + c + 9. What is the units digit of i(-1)?
5
Let q(r) = 31*r**2 - 4*r + 8. What is the tens digit of q(2)?
2
Suppose 3 + 0 = -3*z. Let d(s) = -6*s**3 - s**2 + 5*s - 3. Let r(f) = f**3 - f + 1. Let u(b) = d(b) + 4*r(b). What is the units digit of u(z)?
1
Suppose -16 = -l - 4*y, -2*y = -6*y. What is the units digit of l?
6
Let f(u) = u - 5 - 10 + 13*u**2 + 16. What is the tens digit of f(-1)?
1
Let a = 5 - 1. Let g(j) = -4*j + 11. Let z(m) = 4*m - 10. Let v(t) = 5*g(t) + 6*z(t). What is the tens digit of v(a)?
1
Let s be 0/((3 - 9)/(-2)). Suppose -2*r - 3*r + 5*o = -85, -r - 2*o + 20 = s. What is the tens digit of r?
1
Let b(k) = 2*k - 8. What is the units digit of b(10)?
2
Let c = -37 - -155. What is the hundreds digit of c?
1
Let x(r) be the third derivative of -r**4/24 - r**3/6 + 5*r**2. What is the units digit of x(-6)?
5
Let o(v) = -v**2 + 3*v - 1. Let k be o(2). Suppose 7*c = 2*c - 5*h - 60, 4*c = -h - 45. Let j = k - c. What is the tens digit of j?
1
What is the units digit of (-910)/(-21)*24/10?
4
Suppose 0 = -4*k - 2*i + 5*i - 241, -4*i = k + 84. Let j = k - -91. What is the units digit of j?
7
Suppose -2*o - 42 = -i, -66 = 4*i - 2*o - 210. What is the units digit of i?
4
Let t(c) be the third derivative of 5*c**4/24 - 3*c**3 + c**2. What is the units digit of t(9)?
7
Suppose 0 = 4*r, j + 94 = 2*j - 3*r. What is the units digit of j?
4
Let o = 18 + -12. Suppose -o = -b - b. What is the units digit of b?
3
Let j(n) = -n**2 - 9*n + 3. Let l be j(-9). Suppose -11 = -2*z + 3*z + l*y, 77 = -3*z + 2*y. Let k = 35 + z. What is the tens digit of k?
1
Let v = 8 - 6. Suppose 0 = -3*j + v + 28. What is the units digit of j?
0
Let u be (2/2)/(2/4). Suppose -2*c - c - 4*o + 31 = 0, -c + 4*o - 11 = 0. Suppose 5*v - 40 = 6*a - a, c*v - u*a = 40. What is the units digit of v?
8
Suppose 0 = 3*c - 40 - 29. What is the tens digit of c + 0 + 0 + -2?
2
Let u be (2/(-4))/((-1)/18). Suppose -3*v - 3*z = -5*z - 12, v + 3*z + 7 = 0. Suppose -v*r = 2*s - r - u, 5*s - 10 = -5*r. What is the units digit of s?
7
Let g be (3 - -1)/(-8)*-20. What is the units digit of 4/1 - (-11 + g)?
5
Suppose -3*u - 5*t - 32 = 0, u = -2*u + t - 8. Let k(l) = 0 + 0*l + 3 - l. What is the units digit of k(u)?
7
Suppose -3*v = 2*m + 10, -3*v - 4 = 5*m + 21. Suppose v = -j - 2*i - 3, 2*j + i - 12 = -3*j. Let h = j + 4. What is the units digit of h?
7
Let b(p) = -3*p - 12. Let o(y) = 13*y + 47. Let q(c) = -9*b(c) - 2*o(c). What is the units digit of q(-11)?
3
Let f(c) = 20*c - 2. What is the tens digit of f(3)?
5
Let r = 13 - 8. Suppose -4*h + 19 = -q + 4*q, -4*q - r*h = -25. Suppose q*f = 4 + 1. What is the units digit of f?
1
Let f(q) = -4*q + 1. Let l(m) = -6*m + 2. Let w(n) = 7*f(n) - 5*l(n). Let p be w(3). Suppose -u = -p*u + 4. What is the units digit of u?
2
Let o(z) = z**3 - 16*z**2 + 18*z - 22. What is the tens digit of o(15)?
2
Suppose 0 = 3*i + 4 - 13. Let r = i + -2. What is the units digit of r?
1
Suppose 2*j = 5*n + 22, -n - 2*n = j. Suppose 2*g = -2*k + 88, -j*k + 2*k + 78 = 2*g. What is the tens digit of g?
4
Let c(i) = i**2 + 11*i - 1. Let k be c(-10). Let a = -18 - k. Let n(l) = -l**3 - 6*l**2 + 4*l - 4. What is the tens digit of n(a)?
1
Suppose -x - 4 + 26 = 0. What is the units digit of x?
2
Suppose -4*r = -0 - 8. Suppose 5*b + 30 = r*h, -2*b = -1 - 3. What is the tens digit of h?
2
Let c = -131 - -45. Let y = -51 - c. What is the units digit of y?
5
Let p = -40 + 89. What is the tens digit of p?
4
Let f(g) = 8*g**2 + g - 2. Let b be f(-2). Suppose -2*s + 4*x + b = 3*x, 32 = 3*s - 4*x. What is the units digit of s?
6
Suppose -4*j - 4*b = -b - 39, 17 = 2*j + b. What is the units digit of 258/18 + (-2)/j?
4
Suppose 0 = 44*w - 47*w + 747. What is the tens digit of w?
4
Let h be 2/(-4) + (-6)/4. Let p = h + -1. What is the units digit of p/(-1) - (5 - 5)?
3
Let g(t) = 12*t - 2. What is the units digit of g(3)?
4
Let l be ((-18)/(-12))/(3/8). Suppose 0 = -x + l*x - 3*z - 12, 0 = 4*z. What is the units digit of x?
4
Let o be (14/6)/((-3)/(-9)). Suppose k = 2 + o. What is the units digit of k?
9
Suppose -3*r = -5*r + 96. What is the tens digit of r?
4
Let t be ((-4)/10)/((-2)/310). Let d = t - 35. What is the units digit of d?
7
Suppose -u - 439 = -3*b, -3*u + 7*u = 8. Suppose h - 4*l + 47 = 2*h, -b = -5*h + 2*l. What is the tens digit of h?
3
Let u(p) = 10*p - 3. What is the units digit of u(2)?
7
Let i(q) = 31*q - 4. What is the tens digit of i(1)?
2
Let j(t) = -t**2 - 7*t - 3. Let d(u) = -u**3 + 3*u**2 + 5*u - 2. Let h be d(4). Suppose -3*q - 3 = p, -p + h = -5*q + 5. What is the units digit of j(p)?
9
Let n be (-4)/6 - (-7)/(-3). Let p = n - -5. Suppose p*w = w + 4. What is the units digit of w?
4
Suppose -f + 14 = 4*x + x, -x = 3*f. Suppose x*q = 4*d + 27, -3*q - 5*d = -q + 5. Suppose g = q*u - 80, -3*u - 30 = -6*u - 3*g. What is the tens digit of u?
1
Suppose 5*u - 36 = 2*u. What is the units digit of u?
2
Let q = 5 - 4. What is the units digit of q/(2/(-6)*-3)?
1
Let a = 1 - 7. Let t(z) = z + 0 - 2*z - 1. What is the units digit of t(a)?
5
Let w be ((-1)/2)/((-2)/16). Let j be 6 - 2 - (5 - 7). What is the units digit of (w/j)/((-2)/(-9))?
3
Suppose -6 = -7*z + 4*z. Let a be 0 - (-2 + (1 - z)). Suppose 0 = -a*t - 4 + 13. What is the units digit of t?
3
Let g(z) = -16*z - 7. What is the tens digit of g(-4)?
5
Suppose 0*l + l = 1. What is the tens digit of 33 + (-1)/1*l?
3
Let o(h) = 7*h - 4. Let t be o(2). Let y(z) = -z**3 + 9*z**2 + 12*z - 13. What is the units digit of y(t)?
7
Suppose 52 - 17 = 5*n. Let g = 0 - n. Let j = -6 - g. What is the units digit of j?
1
What is the units digit of ((-5)/3)/((-16)/48)?
5
Let f(h) = -h + 7. Let u be f(3). Let g = u - -28. What is the units digit of g?
2
Let n be 3/5 - 17/(-5). Suppose 0 = -c - n, -c + 3*c = 3*p - 44. What is the units digit of p?
2
Suppose -4*x + 4 + 6 = w, 0 = 2*x + w - 6. Let u be (-4)/(-14)*(x - -5). Suppose -u*k - 2*o - o = -16, -2*k + 3*o = -4. What is the units digit of k?
5
Suppose 4*s + 26 = 5*i - 29, -3*i + 3*s + 33 = 0. What is the uni